{"id":1970,"date":"2025-11-18T04:27:45","date_gmt":"2025-11-18T03:27:45","guid":{"rendered":"https:\/\/bluecaledoniadiving.fr\/?page_id=1970"},"modified":"2025-11-18T04:33:54","modified_gmt":"2025-11-18T03:33:54","slug":"mentions-legales","status":"publish","type":"page","link":"https:\/\/bluecaledoniadiving.fr\/?page_id=1970","title":{"rendered":"Mentions l\u00e9gales"},"content":{"rendered":"\t\t<div data-elementor-type=\"wp-page\" data-elementor-id=\"1970\" class=\"elementor elementor-1970\" data-elementor-post-type=\"page\">\n\t\t\t\t<div class=\"elementor-element elementor-element-2c1258b elementor-hidden-mobile elementor-hidden-tablet e-flex e-con-boxed e-con e-parent\" data-id=\"2c1258b\" data-element_type=\"container\" data-settings=\"{&quot;background_background&quot;:&quot;classic&quot;,&quot;jet_parallax_layout_list&quot;:[]}\">\n\t\t\t\t\t<div class=\"e-con-inner\">\n\t\t\t\t\t<\/div>\n\t\t\t\t<\/div>\n\t\t<div class=\"elementor-element elementor-element-98211a7 e-flex e-con-boxed e-con e-parent\" data-id=\"98211a7\" data-element_type=\"container\" data-settings=\"{&quot;jet_parallax_layout_list&quot;:[]}\">\n\t\t\t\t\t<div class=\"e-con-inner\">\n\t\t\t\t<div class=\"elementor-element elementor-element-e862bbf elementor-widget elementor-widget-heading\" data-id=\"e862bbf\" data-element_type=\"widget\" data-widget_type=\"heading.default\">\n\t\t\t\t\t<h2 class=\"elementor-heading-title elementor-size-default\">Mentions l\u00e9gales<\/h2>\t\t\t\t<\/div>\n\t\t\t\t<div class=\"elementor-element elementor-element-cde2d37 elementor-widget elementor-widget-text-editor\" data-id=\"cde2d37\" data-element_type=\"widget\" data-widget_type=\"text-editor.default\">\n\t\t\t\t\t\t\t\t\t<p>Cette activit\u00e9 est r\u00e9alis\u00e9e et fournie par<\/p>\n<p><strong>BLUE CALEDONIA DIVING<\/strong><br>Soci\u00e9t\u00e9 \u00e0 responsabilit\u00e9 limit\u00e9e<br><strong>BLUE CALEDONIA DIVING<\/strong><br>SARL au capital de 1 000 000 cfp<br>Si\u00e8ge social : 554 all\u00e9e du Bourao &#8211; Lotissement des 3 vall\u00e9es &#8211; 98890 Pa\u00efta<br>RCS Noum\u00e9a 1 492 917.001<br>G\u00e9rants : Pierre Crubill\u00e9 \/ L\u00e9na\u00efc Potrel<br>Contacts : blue.caledonia.diving@gmail.com \/ +687 98 13 86<br>Adresse postale : BP 5401 &#8211; 98853 Noum\u00e9a Cedex<\/p>\n<p><strong>Responsable de publication<\/strong><br>Pierre Crubill\u00e9, dirigeant de&nbsp;<strong>Blue Caledonia Diving<\/strong><\/p>\n<p><strong>La plate-forme de r\u00e9servation utilis\u00e9e par BLUE CALEDONIA DIVING<\/strong><\/p>\n<p><strong>est<\/strong><br><strong>Bloowatch \u2013 https:\/\/bluecaledoniadiving.bloowatch.com\/<\/strong><\/p>\n<p><strong>H\u00e9bergeur du site<\/strong><br>o2switch<br><strong>Si\u00e8ge social :&nbsp;<\/strong><br>Clermont-Ferrand, France<\/p>\n<p><strong>Mentions l\u00e9gales de ce site internet<\/strong><br>Tous les textes, les images et les autres informations publi\u00e9s ici sont soumis au droit d\u2019auteur du fournisseur, dans la mesure o\u00f9 il n\u2019existe pas de droits de propri\u00e9t\u00e9 intellectuelle de tiers. Dans tous les cas, la reproduction, la distribution ou la publication publique est autoris\u00e9e uniquement en cas d\u2019accord r\u00e9vocable et non transmissible du fournisseur.<\/p>\n<p>Les contenus de ce site internet ont \u00e9t\u00e9 cr\u00e9\u00e9s avec le plus grand soin. Nous d\u00e9clinons cependant toute garantie quant \u00e0 son actualit\u00e9 et \u00e0 son exhaustivit\u00e9.<\/p>\n<p>Le fournisseur n\u2019assume aucune responsabilit\u00e9 pour tous les contenus internet associ\u00e9s au moyen de r\u00e9f\u00e9rences crois\u00e9es (liens), puisqu\u2019il ne s\u2019agit pas ici de ses propres contenus. Les liens externes ont \u00e9t\u00e9 contr\u00f4l\u00e9s quant \u00e0 l\u2019existence d\u2019un contenu ill\u00e9gal, et au moment de la mise en lien, aucun contenu de ce type n\u2019\u00e9tait d\u00e9tectable. Concernant les contenus \u00e9trangers, il n\u2019y a cependant aucune obligation g\u00e9n\u00e9rale de surveillance et contr\u00f4le.<\/p>\n<p>Les marques d\u00e9pos\u00e9es cit\u00e9es et les noms de marque sont la propri\u00e9t\u00e9 de leur propri\u00e9taire respectif.<\/p>\n<p>Politique de confidentialit\u00e9 des donn\u00e9es utilisateurs conforme au RGPD<\/p>\n<p>Nous pouvons mettre \u00e0 jour notre politique de confidentialit\u00e9 \u00e0 tout moment afin de refl\u00e9ter, par exemple, des changements dans nos pratiques de confidentialit\u00e9 ou pour d&#8217;autres raisons op\u00e9rationnelles, l\u00e9gales ou r\u00e9glementaires.&nbsp;En continuant \u00e0 utiliser la plate-forme Ultinow ou le service associ\u00e9, apr\u00e8s l&#8217;affichage de ces modifications, vous acceptez la politique r\u00e9vis\u00e9e.<\/p>\n<p>Pour les informations recueillies par formulaire, quand vous cliquez sur la case affect\u00e9e aux CGV et \u00e0 cette d\u00e9claration de protection des donn\u00e9es, vous consentez aux processus de collecte de donn\u00e9es, de traitement et d\u2019utilisation d\u00e9crits en d\u00e9tail ci-dessous. Vous pouvez cependant bien s\u00fbr r\u00e9voquer \u00e0 tout moment ce consentement.<\/p>\n<p>La r\u00e9tractation doit \u00eatre adress\u00e9e par \u00e9crit \u00e0&nbsp;blue.caledonia.diving@gmail.com<\/p>\n<p>1 &#8211; Que faisons-nous avec vos informations ?<\/p>\n<p>Lorsque vous achetez certains de nos produits ou services, dans le cadre du processus d&#8217;abonnement, nous collectons les informations personnelles que vous nous communiquez, telles que votre nom, votre adresse et votre adresse e-mail.<\/p>\n<p>Lorsque vous naviguez sur votre place de march\u00e9, nous recevons \u00e9galement automatiquement l&#8217;adresse IP (Internet Protocol) de votre ordinateur afin de nous fournir des informations qui nous aident \u00e0 mieux conna\u00eetre votre navigateur et votre syst\u00e8me d&#8217;exploitation.<\/p>\n<p>Email marketing (le cas \u00e9ch\u00e9ant) : Avec votre permission, nous pouvons vous envoyer des emails concernant nos services, nos nouveaux produits et autres mises \u00e0 jour.<\/p>\n<p>2 &#8211; Consentement<\/p>\n<p>Comment obtenez-vous mon consentement ?<\/p>\n<p>Lorsque vous nous fournissez des informations personnelles pour vous abonner, ou passer une commande pour des services additionnels, nous supposons que vous consentez \u00e0 leur collection et \u00e0 leur utilisation uniquement pour cette raison sp\u00e9cifique.<\/p>\n<p>Si nous demandons vos renseignements personnels pour une raison secondaire, comme le marketing, nous vous demanderons directement votre consentement explicite, ou vous donnerons l&#8217;occasion de dire non.<\/p>\n<p>Comment puis-je retirer mon consentement ?<\/p>\n<p>Si, apr\u00e8s votre acceptation, vous changez d&#8217;avis, vous pouvez retirer votre consentement pour la collecte, l&#8217;utilisation ou la divulgation continue de vos informations, \u00e0 tout moment, en nous contactant \u00e0&nbsp;blue.caledonia.diving@gmail.com.<\/p>\n<p>3 &#8211; Divulgation<\/p>\n<p>Nous pouvons divulguer vos informations personnelles si nous y sommes contraints par la loi ou si vous violez nos Conditions G\u00e9n\u00e9rales d&#8217;Utilisation.<\/p>\n<p>4 &#8211; Donn\u00e9es<\/p>\n<p>Vos donn\u00e9es sont stock\u00e9es via le stockage de donn\u00e9es, les bases de donn\u00e9es et l&#8217;application g\u00e9n\u00e9rale Bloowatch.&nbsp;Nous stockons vos donn\u00e9es sur un serveur s\u00e9curis\u00e9 prot\u00e9g\u00e9 par un pare-feu.<\/p>\n<p>Paiement :<\/p>\n<p>Si vous choisissez une passerelle de paiement direct pour compl\u00e9ter votre abonnement, vos donn\u00e9es de carte de cr\u00e9dit sont crypt\u00e9es via la norme de s\u00e9curit\u00e9 des donn\u00e9es de l&#8217;industrie des cartes de paiement (PCI-DSS).&nbsp;Vos donn\u00e9es de transaction ne sont stock\u00e9es que le temps n\u00e9cessaire pour compl\u00e9ter votre souscription.&nbsp;Une fois cette op\u00e9ration termin\u00e9e (lorsque vous r\u00e9siliez votre abonnement), vos informations de transaction sont supprim\u00e9es.<\/p>\n<p>Toutes les passerelles de paiement direct respectent les normes \u00e9tablies par le PCI-DSS, telles qu&#8217;elles sont g\u00e9r\u00e9es par le PCI Security Standards Council.<\/p>\n<p>Les exigences PCI-DSS aident \u00e0 assurer la gestion s\u00e9curis\u00e9e des informations de carte de cr\u00e9dit par nos services.<\/p>\n<p>Pour plus d&#8217;informations, vous pouvez \u00e9galement lire les Conditions G\u00e9n\u00e9rales d&#8217;Utilisation ou notre Politique de confidentialit\u00e9.<\/p>\n<p>5 &#8211; Services de tiers<\/p>\n<p>En g\u00e9n\u00e9ral, les fournisseurs tiers que nous s\u00e9lectionnons ne recueillent, n&#8217;utilisent, ne divulguent vos informations que dans les limites l\u00e9gales, pour leur permettre d&#8217;ex\u00e9cuter les services qu&#8217;ils nous fournissent.<\/p>\n<p>Cependant, certains fournisseurs de services tiers, tels que les passerelles de paiement et autres processeurs de transactions de paiement, ont leurs propres politiques de confidentialit\u00e9 en ce qui concerne les informations que nous sommes tenus de leur fournir pour vos transactions li\u00e9es \u00e0 l&#8217;achat. Bloowatch s\u2019appuie sur la passerelle de paiement Stripe. Lien sur la politique de gestion des donn\u00e9es personnelles&nbsp;:&nbsp;<strong>https:\/\/stripe.com\/fr\/privacy<\/strong><\/p>\n<p>Pour ces fournisseurs, nous vous recommandons de lire leurs politiques de confidentialit\u00e9 afin que vous puissiez comprendre la mani\u00e8re dont vos informations personnelles seront trait\u00e9es par ces fournisseurs.<\/p>\n<p>En particulier, rappelez-vous que certains fournisseurs peuvent \u00eatre situ\u00e9s dans des juridictions diff\u00e9rentes de la v\u00f4tre ou de celle de Bloowatch.&nbsp;Ainsi, si vous choisissez de proc\u00e9der \u00e0 une transaction impliquant les services d&#8217;un fournisseur de services tiers, vos informations peuvent \u00eatre soumises aux lois de la ou des juridictions dans lesquelles se trouve ce fournisseur de services ou ses installations.<\/p>\n<p>Une fois que vous quittez notre site Web ou que vous \u00eates redirig\u00e9 vers un site Web ou une application d&#8217;une tierce partie, vous n&#8217;\u00eates plus r\u00e9gi par la pr\u00e9sente politique de confidentialit\u00e9 ou les modalit\u00e9s de notre site Web.<br>Liens&nbsp;: Lorsque vous cliquez sur les liens sur notre site Web, ils peuvent vous diriger hors de notre site.&nbsp;Nous ne sommes pas responsables des pratiques de confidentialit\u00e9 des autres sites et nous vous encourageons \u00e0 lire leurs d\u00e9clarations de confidentialit\u00e9.<\/p>\n<p>Les fournisseurs tiers enregistrent en r\u00e8gle g\u00e9n\u00e9rale des cookies sur l\u2019ordinateur de l\u2019utilisateur. Vous pouvez toutefois l\u2019emp\u00eacher gr\u00e2ce \u00e0 des r\u00e9glages adapt\u00e9s de votre navigateur, ce qui peut cependant avoir pour cons\u00e9quence que ces contenus ne soient pas affich\u00e9s correctement. En outre, de nombreux fournisseurs (tiers) enregistrent l\u2019adresse IP de l\u2019utilisateur pour pouvoir envoyer les contenus correspondant au navigateur de l\u2019utilisateur. Nous avons malheureusement aucune influence sur l\u2019utilisation de l\u2019adresse IP des fournisseurs (tiers).<\/p>\n<p>5a) D\u00e9claration de protection des donn\u00e9es pour \u00ab Google Analytics \u00bb de Google Inc.<\/p>\n<p>Notre site Internet utilise l\u2019outil d\u2019analyse web Google Analytics. Google Analytics est un service de Google Inc., ayant son si\u00e8ge au 1600 Amphitheatre Parkway, Mountain View, CA 94043, USA (\u00ab Google \u00bb). Google Analytics utilise des cookies (voir ci-dessus a)). Les informations g\u00e9n\u00e9r\u00e9es par le cookie relatives \u00e0 votre utilisation de nos pages Internet sont en r\u00e8gle g\u00e9n\u00e9rale transf\u00e9r\u00e9es \u00e0 un serveur de Google aux \u00c9tats-Unis et y sont stock\u00e9es. Gr\u00e2ce \u00e0 l\u2019utilisation de la fonction \u00ab anonymizeIP \u00bb mise \u00e0 disposition par Google, votre adresse IP sera cependant au pr\u00e9alable tronqu\u00e9e par Google dans un des \u00c9tats membres de l\u2019Union europ\u00e9enne ou dans un pays membre de la Convention de l\u2019Espace \u00e9conomique europ\u00e9en.<\/p>\n<p>Plus d\u2019informations sur Google Inc. Et Google Analytics sur http:\/\/www.google.com. La d\u00e9claration de protection des donn\u00e9es de Google est disponible sur&nbsp;http:\/\/www.google.com\/intl\/de\/privacypolicy.html#information.<\/p>\n<p>Si vous n\u2019\u00eates pas d\u2019accord avec le stockage et l\u2019utilisation des donn\u00e9es par Google Analytics d\u00e9crits pr\u00e9c\u00e9demment, vous pouvez d\u00e9sactiver les outils. Vous pouvez d\u00e9sactiver Google Analytics \u00e0 l\u2019aide d\u2019une extension de navigateur adapt\u00e9e et de cette mani\u00e8re exprimer votre opposition \u00e0 la collecte et \u00e0 l\u2019utilisation des donn\u00e9es qui ont lieu \u00e0 cause de cette mesure d\u2019analyse web.<\/p>\n<p>L\u2019extension indique \u00e0 Google Analytics que vous ne souhaitez pas que les informations concernant votre visite sur notre site Internet soient transmises \u00e0 Google Analytics. Vous devez t\u00e9l\u00e9charger et installer l\u2019extension. Plus d\u2019informations sur la mani\u00e8re de d\u00e9sactiver Google Analytics et toutes les informations pour t\u00e9l\u00e9charger l\u2019extension sur https:\/\/tools.google.com\/dlpage\/gaoptout?hl=fr<\/p>\n<p>L\u2019analyse web reste ici aussi d\u00e9sactiv\u00e9e (uniquement) tant que l\u2019extension est install\u00e9e. Donc, veuillez ne pas supprimer l\u2019extension tant que vous ne voulez aucune analyse web. Si vous consultez nos pages Internet \u00e0 partir de diff\u00e9rents ordinateurs ou avec diff\u00e9rents navigateurs, vous devez ajouter l\u2019extension s\u00e9par\u00e9ment sur chaque ordinateur et chaque navigateur utilis\u00e9s.<\/p>\n<p>5b) D\u00e9claration de protection des donn\u00e9es pour \u00ab Google AdWords Conversion Tracking \u00bb de Google Inc.<\/p>\n<p>Ce site Internet utilise la fonction de \u00ab Google AdWords Conversion Tracking \u00bb de Google Inc., 1600 Amphitheatre Parkway, Mountain View, CA 94043, United States (\u00ab Google \u00bb). Google AdWords Conversion Tracking utilise des fichiers texte appel\u00e9s \u00ab cookies \u00bb qui s\u2019enregistrent sur votre ordinateur pour permettre une analyse de votre utilisation du site Internet, si vous avez cliqu\u00e9 sur une annonce Google. Les cookies sont valables 90 jours max. Les donn\u00e9es personnelles ne sont pas enregistr\u00e9es ici. Tant que le cookie est valide, Google et nous en tant qu\u2019exploitant du site Internet pouvons reconna\u00eetre que vous avez cliqu\u00e9 sur une annonce et avez acc\u00e9d\u00e9 \u00e0 une page d\u2019atterrissage sp\u00e9cifique (p. ex. une page de confirmation de commande, inscription \u00e0 la newsletter). Ces cookies ne peuvent pas \u00eatre suivis sur plusieurs sites Internet de diff\u00e9rents participants AdWords. Des statistiques de conversion sont g\u00e9n\u00e9r\u00e9es dans \u00ab Google AdWords \u00bb gr\u00e2ce au cookie. Dans ces statistiques est enregistr\u00e9 le nombre d\u2019utilisateurs qui a cliqu\u00e9 sur une de nos annonces. Est en outre comptabilis\u00e9 le nombre d\u2019utilisateurs ayant acc\u00e9d\u00e9 \u00e0 une page d\u2019atterrissage pourvue d\u2019une \u00ab balise de conversion \u00bb. Les statistiques ne contiennent cependant aucune donn\u00e9e permettant de vous identifier.<\/p>\n<p>Vous pouvez emp\u00eacher l\u2019enregistrement de cookies sur votre disque dur, en s\u00e9lectionnant dans les param\u00e8tres de votre navigateur \u00ab ne pas accepter les cookies \u00bb (sur Internet Explorer sous \u00ab Extras &amp; Options Internet &amp; protection des donn\u00e9es &amp; Param\u00e8tre \u00bb ; dans Firefox sous \u00ab Extras &amp; Param\u00e8tres &amp; Protection des donn\u00e9es &amp; Cookies \u00bb). Nous vous informons toutefois que le cas \u00e9ch\u00e9ant, vous ne pouvez pas utiliser enti\u00e8rement l\u2019ensemble des fonctions de ce site Internet dans ce cas. En utilisant ce site Internet, vous d\u00e9clarez \u00eatre d\u2019accord avec le traitement que fera Google des donn\u00e9es rassembl\u00e9es conform\u00e9ment \u00e0 la mani\u00e8re d\u00e9crite ci-dessus et au but \u00e9nonc\u00e9 pr\u00e9c\u00e9demment. Plus d\u2019informations sur la mani\u00e8re dont sont utilis\u00e9es les donn\u00e9es de conversion Google ainsi que la d\u00e9claration de donn\u00e9es de Google sur :&nbsp;https:\/\/support.google.com\/adwords\/answer\/93148?ctx=tltphttp:\/\/www.google.fr\/policies\/privacy\/<\/p>\n<p>5c) D\u00e9claration de protection des donn\u00e9es pour le \u00ab Google Remarketing \u00bb la fonction \u00ab groupes cibles similaires \u00bb de Google Inc.<\/p>\n<p>Ce site Internet utilise la fonction de Remarketing ou \u00ab groupes cibles similaires \u00bb de Google Inc., 1600 Amphitheatre Parkway, Mountain View, CA 94043, United States (\u00ab Google \u00bb). De la publicit\u00e9 peut vous \u00eatre adress\u00e9e de mani\u00e8re cibl\u00e9e gr\u00e2ce \u00e0 l\u2019activation d\u2019annonces personnalis\u00e9es et li\u00e9es \u00e0 vos int\u00e9r\u00eats, si vous consultez d\u2019autres sites Internet dans ce que l\u2019on appelle le \u00ab R\u00e9seau Display de Google \u00bb. \u00abGoogle Remarketing\u00bb ou la fonction \u00ab groupe cible similaire \u00bb utilise des fichiers texte appel\u00e9s \u00ab cookies \u00bb qui sont enregistr\u00e9s sur votre ordinateur et permettent une analyse de votre utilisation du site Internet. Vos visites ainsi que des donn\u00e9es anonymis\u00e9es sont saisies via ces fichiers texte pour l\u2019utilisation du site Internet. Les donn\u00e9es personnelles ne sont pas enregistr\u00e9es ici. Si vous consultez un autre site Internet dans le \u00ab R\u00e9seau Display de Google \u00bb, des affichages publicitaires s\u2019affichent \u00e0 vous le cas \u00e9ch\u00e9ant, qui tiennent tr\u00e8s probablement compte des domaines d\u2019informations et produits pr\u00e9alablement consult\u00e9s sur notre site Internet.<\/p>\n<p>Vous pouvez emp\u00eacher le \u00ab Google Remarketing \u00bb ou la fonction \u00ab groupes cibles similaires \u00bb en mettant un terme \u00e0 l\u2019enregistrement des cookies via le r\u00e9glage correspondant de votre logiciel navigateur. Nous vous informons toutefois que dans ce cas vous ne pouvez pas utiliser le cas \u00e9ch\u00e9ant toutes les fonctions de ce site Internet dans leur ensemble. En outre, vous pouvez emp\u00eacher la saisie par Google des donn\u00e9es li\u00e9es \u00e0 votre utilisation du site Internet et g\u00e9n\u00e9r\u00e9es par les cookies ainsi que leur traitement par Google en t\u00e9l\u00e9chargeant et installant le plugin web disponible en cliquant sur le lien suivant :&nbsp;https:\/\/www.google.com\/settings\/ads\/plugin?hl=fr. Vous pouvez en outre d\u00e9sactiver l\u2019utilisation des cookies par des fournisseurs tiers en ouvrant la page de d\u00e9sactivation de l\u2019initiative publicitaire du r\u00e9seau (Network Advertising Initiative) sur&nbsp;http:\/\/www.networkadvertising.org\/choices\/#completed&nbsp;et en mettant en \u0153uvre les informations suppl\u00e9mentaires qui y sont \u00e9nonc\u00e9es pour vous d\u00e9sengager. La d\u00e9claration de protection des donn\u00e9es de Google relative au Remarketing avec des informations suppl\u00e9mentaires est disponible ici :&nbsp;http:\/\/www.google.com\/policies\/technologies\/ads\/.<\/p>\n<p>5d) D\u00e9claration de protection des donn\u00e9es pour le Remarketing \/ Retargeting facebook<\/p>\n<p>Des balises de Remarketing du r\u00e9seau social facebook, 1601 South California Avenue, Palo Alto, CA 94304, USA sont int\u00e9gr\u00e9s sur nos pages. Si vous visitez nos pages, une connexion directe entre votre navigateur et le serveur facebook sera \u00e9tablie via les balises de Remarketing. facebook est ainsi inform\u00e9 que vous avez visit\u00e9 notre page avec votre adresse IP. facebook peut ainsi associer la visite de nos pages \u00e0 votre compte utilisateur. Nous pouvons utiliser les informations ainsi contenues pour l\u2019affichage de publicit\u00e9 facebook. Veuillez noter qu\u2019en tant que fournisseur de ce site Internet, nous n\u2019avons aucune connaissance du contenu des donn\u00e9es transmises et de leur utilisation par facebook. Vous trouverez plus d\u2019informations \u00e0 ce sujet dans la d\u00e9claration de protection des donn\u00e9es de facebook sur&nbsp;https:\/\/www.facebook.com\/about\/privacy\/. Si vous ne souhaitez pas que vos donn\u00e9es soient saisies via Custom Audience, vous pouvez d\u00e9sactiver les Custom Audiences&nbsp;ici.<\/p>\n<p>5e) D\u00e9claration de protection des donn\u00e9es pour la mesure de conversion avec le pixel d\u2019action des visiteurs de facebook<\/p>\n<p>Avec votre accord que vous avez donn\u00e9 comme suit \u00ab J\u2019accepte l\u2019utilisation du pixel d\u2019action des visiteurs de facebook \u00bb, nous d\u00e9ployons le \u00ab pixel d\u2019action des visiteurs \u00bb de facebook Inc. 1601 S. California Ave, Palo Alto, CA 94304, USA (\u00ab facebook \u00bb) dans le cadre de notre pr\u00e9sence Internet. Le comportement des utilisateurs peut ainsi \u00eatre suivi, apr\u00e8s que ceux-ci aient \u00e9t\u00e9 transf\u00e9r\u00e9s sur le site Internet du prestataire en ayant cliqu\u00e9 sur une annonce publicitaire facebook. Cette proc\u00e9dure sert \u00e0 \u00e9valuer l\u2019efficacit\u00e9 des annonces publicitaires facebook \u00e0 des fins de statistiques et d\u2019\u00e9tude de march\u00e9 et peut ainsi contribuer \u00e0 optimiser de futures mesures publicitaires. Les donn\u00e9es collect\u00e9es sont anonymes pour nous et ne nous permettent de tirer aucune conclusion sur l\u2019identit\u00e9 de l\u2019utilisateur. Toutefois, les donn\u00e9es de facebook sont enregistr\u00e9es et trait\u00e9es si bien qu\u2019une liaison avec chaque profil utilisateur est possible et facebook peut utiliser les donn\u00e9es \u00e0 des fins publicitaires conform\u00e9ment \u00e0 la r\u00e9glementation de facebook relative \u00e0 l\u2019utilisation des donn\u00e9es (https:\/\/www.facebook.com\/about\/privacy\/). Vous pouvez permettre \u00e0 facebook ainsi qu\u2019\u00e0 ses partenaires l\u2019activation des annonces publicitaires sur et en dehors de facebook. De plus, un cookie peut \u00eatre enregistr\u00e9 sur votre ordinateur dans ces buts.<\/p>\n<p>Seuls les utilisateurs de plus de 13 ans peuvent donner leur consentement pour l\u2019utilisation du Pixel facebook. Si vous \u00eates plus jeune, nous vous prions de demander l\u2019autorisation \u00e0 vos tuteurs.<\/p>\n<p>6 &#8211; S\u00e9curit\u00e9<\/p>\n<p>Pour prot\u00e9ger vos informations personnelles, nous prenons des pr\u00e9cautions raisonnables et nous suivons les meilleures pratiques de l&#8217;industrie pour nous assurer qu&#8217;elles ne sont pas perdues, mal utilis\u00e9es, consult\u00e9es, divulgu\u00e9es, alt\u00e9r\u00e9es ou d\u00e9truites de mani\u00e8re inappropri\u00e9e.<\/p>\n<p>Si vous nous fournissez vos informations de carte de cr\u00e9dit, les informations sont crypt\u00e9es \u00e0 l&#8217;aide de la technologie SSL (Secure Socket Layer) et stock\u00e9es avec un cryptage AES-256.&nbsp;Bien qu&#8217;aucune m\u00e9thode de transmission sur Internet ou de stockage \u00e9lectronique ne soit s\u00e9curis\u00e9e \u00e0 100%, nous suivons toutes les exigences PCI-DSS et mettons en \u0153uvre des normes sectorielles g\u00e9n\u00e9ralement reconnues.<\/p>\n<p>7 &#8211; \u00c2ge du consentement<\/p>\n<p>En utilisant notre site et notre logiciel de cr\u00e9ation de marketplace, vous d\u00e9clarez que vous avez au moins l&#8217;\u00e2ge de la majorit\u00e9 dans votre \u00e9tat ou province de r\u00e9sidence.<\/p>\n<p>8 &#8211; Modifications de cette politique de confidentialit\u00e9<\/p>\n<p>Nous nous r\u00e9servons le droit de modifier notre politique de confidentialit\u00e9 \u00e0 tout moment, veuillez donc la consulter fr\u00e9quemment.&nbsp;Les changements et les clarifications entreront en vigueur imm\u00e9diatement apr\u00e8s leur publication sur le site Web.&nbsp;Si nous apportons des changements importants \u00e0 cette politique, nous vous informerons qu&#8217;elle a \u00e9t\u00e9 mise \u00e0 jour, afin que vous sachiez quelles informations nous collectons, comment nous les utilisons et dans quelles circonstances, le cas \u00e9ch\u00e9ant, nous les utilisons et \/ ou les divulguons.<\/p>\n<p>Si notre Service est acquis ou fusionn\u00e9 avec une autre soci\u00e9t\u00e9, vos informations peuvent \u00eatre transf\u00e9r\u00e9es aux nouveaux propri\u00e9taires afin que nous puissions continuer \u00e0 vous fournir le Service.<\/p>\n<p>9 &#8211; Questions et informations de contact<\/p>\n<p>Si vous souhaitez acc\u00e9der, corriger, modifier ou supprimer les informations personnelles que nous d\u00e9tenons \u00e0 votre sujet, enregistrer une r\u00e9clamation ou simplement obtenir plus d&#8217;informations, contactez notre responsable de la confidentialit\u00e9 \u00e0&nbsp;blue.caledonia.diving@gmail.com.<\/p>\t\t\t\t\t\t\t\t<\/div>\n\t\t\t\t\t<\/div>\n\t\t\t\t<\/div>\n\t\t\t\t<\/div>\n\t\t","protected":false},"excerpt":{"rendered":"<p>Cette activit\u00e9 est r\u00e9alis\u00e9e et fournie par BLUE CALEDONIA DIVINGSoci\u00e9t\u00e9 \u00e0 responsabilit\u00e9 limit\u00e9eBLUE CALEDONIA DIVINGSARL au capital de 1 000 000 cfpSi\u00e8ge social : 554 all\u00e9e du Bourao &#8211; Lotissement des 3 vall\u00e9es &#8211; 98890 Pa\u00eftaRCS Noum\u00e9a 1 492 917.001G\u00e9rants : Pierre Crubill\u00e9 \/ L\u00e9na\u00efc PotrelContacts : blue.caledonia.diving@gmail.com \/ +687 98 13 86Adresse postale : [&hellip;]<\/p>\n","protected":false},"author":1,"featured_media":0,"parent":0,"menu_order":0,"comment_status":"closed","ping_status":"closed","template":"","meta":{"footnotes":""},"class_list":["post-1970","page","type-page","status-publish","hentry"],"_links":{"self":[{"href":"https:\/\/bluecaledoniadiving.fr\/index.php?rest_route=\/wp\/v2\/pages\/1970","targetHints":{"allow":["GET"]}}],"collection":[{"href":"https:\/\/bluecaledoniadiving.fr\/index.php?rest_route=\/wp\/v2\/pages"}],"about":[{"href":"https:\/\/bluecaledoniadiving.fr\/index.php?rest_route=\/wp\/v2\/types\/page"}],"author":[{"embeddable":true,"href":"https:\/\/bluecaledoniadiving.fr\/index.php?rest_route=\/wp\/v2\/users\/1"}],"replies":[{"embeddable":true,"href":"https:\/\/bluecaledoniadiving.fr\/index.php?rest_route=%2Fwp%2Fv2%2Fcomments&post=1970"}],"version-history":[{"count":4,"href":"https:\/\/bluecaledoniadiving.fr\/index.php?rest_route=\/wp\/v2\/pages\/1970\/revisions"}],"predecessor-version":[{"id":1974,"href":"https:\/\/bluecaledoniadiving.fr\/index.php?rest_route=\/wp\/v2\/pages\/1970\/revisions\/1974"}],"wp:attachment":[{"href":"https:\/\/bluecaledoniadiving.fr\/index.php?rest_route=%2Fwp%2Fv2%2Fmedia&parent=1970"}],"curies":[{"name":"wp","href":"https:\/\/api.w.org\/{rel}","templated":true}]}}